{"id":4152,"date":"2021-05-30T16:58:34","date_gmt":"2021-05-30T14:58:34","guid":{"rendered":"https:\/\/test.centerarhitekture.org\/?post_type=product&#038;p=4152"},"modified":"2021-06-01T20:49:14","modified_gmt":"2021-06-01T18:49:14","slug":"plakati-kolazi-vurnikovih-del","status":"publish","type":"product","link":"https:\/\/test.centerarhitekture.org\/en\/shop\/plakati-kolazi-vurnikovih-del\/","title":{"rendered":"Plakati KOLA\u017dI VURNIKOVIH DEL"},"content":{"rendered":"<div class=\"wpb-content-wrapper\"><div class=\"vc_row wpb_row vc_row-fluid\"><div class=\"wpb_column vc_column_container vc_col-sm-12\"><div class=\"vc_column-inner\"><div class=\"wpb_wrapper\">\n\t<div class=\"wpb_text_column wpb_content_element\" >\n\t\t<div class=\"wpb_wrapper\">\n\t\t\t<p style=\"font-weight: 400;\">Kola\u017ei Vurnikovih del so nastali ob Vurnikovih dnevih 2014, v okviru projekta \u0161tudentk in \u0161tudentov 1., 2. in 3. letnika Akademije za likovno umetnost in oblikovanje Univerze v Ljubljani, \u0161tudijske smeri Industrijsko oblikovanje, pod vodstvom prof. Vladimirja Pezdirca in doc. Jureta Miklavca, ter smeri Grafi\u010dno oblikovanje, pod vodstvom prof. Ranka Novaka.<\/p>\n<p style=\"font-weight: 400;\">Kola\u017ee je oblikovala Rina Barbari\u0107, takratna \u0161tudentka Akademije za likovno umetnost in oblikovanje Univerze v Ljubljani. V kola\u017eih je uporabila fotografije Mirana Kambi\u010da.<\/p>\n<p style=\"font-weight: 400;\">Kola\u017ei so natisnjeni na kakovostni papir dimenzij 50 x 70 cm in jih ob po\u0161iljanju zapakiramo v li\u010dno oblikovano trikotno embala\u017eo z mo\u017enostjo darilnega pakiranja.<\/p>\n<p>&nbsp;<\/p>\n<p style=\"font-weight: 400;\"><strong>IZBIRATE LAHKO MED 5 RAZLI\u010cNIMI KOLA\u017dI Z VURNIKOVIMI DELI:<\/strong><\/p>\n<p>Kola\u017e notranj\u0161\u010dina \u0161kofovske kapele in tabernakelj v \u017eupnijski cerkvi<\/p>\n<p>Kola\u017e Zadru\u017ena gospodarska banka<\/p>\n<p>Kola\u017e prezbiterij cerkve sv. Katarine in preureditev fasade bazilike Marije Pomagaj<\/p>\n<p>Kola\u017e prezbiterij cerkve sv. Katarine, Anatomski in\u0161titut in Vurnikova dru\u017einska grobnica<\/p>\n<p>Kola\u017e Zadru\u017ena gospodarska banka, prezbiterij cerkve sv. Katarine in Sokolski dom<\/p>\n\n\t\t<\/div>\n\t<\/div>\n<\/div><\/div><\/div><\/div>\n<\/div>","protected":false},"excerpt":{"rendered":"<p>Kola\u017ei Vurnikovih del so nastali ob Vurnikovih dnevih 2014, v okviru projekta \u0161tudentk in \u0161tudentov 1., 2. in 3. letnika Akademije za likovno umetnost in oblikovanje Univerze v Ljubljani, \u0161tudijske smeri Industrijsko oblikovanje, pod vodstvom prof. Vladimirja Pezdirca in doc. Jureta Miklavca, ter smeri Grafi\u010dno oblikovanje, pod vodstvom prof. Ranka Novaka.<\/p>\n<p>Kola\u017ee je oblikovala Rina Barbari\u0107, takratna \u0161tudentka Akademije za likovno umetnost in oblikovanje Univerze v Ljubljani. V kola\u017eih je uporabila fotografije Mirana Kambi\u010da.<\/p>","protected":false},"featured_media":4154,"template":"","meta":{"iawp_total_views":119},"product_brand":[],"product_cat":[16],"product_tag":[],"class_list":{"0":"post-4152","1":"product","2":"type-product","3":"status-publish","4":"has-post-thumbnail","6":"product_cat-kolekcija-ivan-vurnik-in-helena-kottler-vurnik","8":"first","9":"instock","10":"taxable","11":"shipping-taxable","12":"purchasable","13":"product-type-variable"},"_links":{"self":[{"href":"https:\/\/test.centerarhitekture.org\/en\/wp-json\/wp\/v2\/product\/4152","targetHints":{"allow":["GET"]}}],"collection":[{"href":"https:\/\/test.centerarhitekture.org\/en\/wp-json\/wp\/v2\/product"}],"about":[{"href":"https:\/\/test.centerarhitekture.org\/en\/wp-json\/wp\/v2\/types\/product"}],"wp:featuredmedia":[{"embeddable":true,"href":"https:\/\/test.centerarhitekture.org\/en\/wp-json\/wp\/v2\/media\/4154"}],"wp:attachment":[{"href":"https:\/\/test.centerarhitekture.org\/en\/wp-json\/wp\/v2\/media?parent=4152"}],"wp:term":[{"taxonomy":"product_brand","embeddable":true,"href":"https:\/\/test.centerarhitekture.org\/en\/wp-json\/wp\/v2\/product_brand?post=4152"},{"taxonomy":"product_cat","embeddable":true,"href":"https:\/\/test.centerarhitekture.org\/en\/wp-json\/wp\/v2\/product_cat?post=4152"},{"taxonomy":"product_tag","embeddable":true,"href":"https:\/\/test.centerarhitekture.org\/en\/wp-json\/wp\/v2\/product_tag?post=4152"}],"curies":[{"name":"wp","href":"https:\/\/api.w.org\/{rel}","templated":true}]}}

Plakati KOLAŽI VURNIKOVIH DEL

<div class="wpb-content-wrapper"><div class="vc_row wpb_row vc_row-fluid"><div class="wpb_column vc_column_container vc_col-sm-12"><div class="vc_column-inner"><div class="wpb_wrapper">
	<div class="wpb_text_column wpb_content_element" >
		<div class="wpb_wrapper">
			<p style="font-weight: 400;">Kolaži Vurnikovih del so nastali ob Vurnikovih dnevih 2014, v okviru projekta študentk in študentov 1., 2. in 3. letnika Akademije za likovno umetnost in oblikovanje Univerze v Ljubljani, študijske smeri Industrijsko oblikovanje, pod vodstvom prof. Vladimirja Pezdirca in doc. Jureta Miklavca, ter smeri Grafično oblikovanje, pod vodstvom prof. Ranka Novaka.</p>
<p style="font-weight: 400;">Kolaže je oblikovala Rina Barbarić, takratna študentka Akademije za likovno umetnost in oblikovanje Univerze v Ljubljani. V kolažih je uporabila fotografije Mirana Kambiča.</p>
<p style="font-weight: 400;">Kolaži so natisnjeni na kakovostni papir dimenzij 50 x 70 cm in jih ob pošiljanju zapakiramo v lično oblikovano trikotno embalažo z možnostjo darilnega pakiranja.</p>
<p>&nbsp;</p>
<p style="font-weight: 400;"><strong>IZBIRATE LAHKO MED 5 RAZLIČNIMI KOLAŽI Z VURNIKOVIMI DELI:</strong></p>
<p>Kolaž notranjščina škofovske kapele in tabernakelj v župnijski cerkvi</p>
<p>Kolaž Zadružna gospodarska banka</p>
<p>Kolaž prezbiterij cerkve sv. Katarine in preureditev fasade bazilike Marije Pomagaj</p>
<p>Kolaž prezbiterij cerkve sv. Katarine, Anatomski inštitut in Vurnikova družinska grobnica</p>
<p>Kolaž Zadružna gospodarska banka, prezbiterij cerkve sv. Katarine in Sokolski dom</p>

		</div>
	</div>
</div></div></div></div>
</div>

<p>Kolaži Vurnikovih del so nastali ob Vurnikovih dnevih 2014, v okviru projekta študentk in študentov 1., 2. in 3. letnika Akademije za likovno umetnost in oblikovanje Univerze v Ljubljani, študijske smeri Industrijsko oblikovanje, pod vodstvom prof. Vladimirja Pezdirca in doc. Jureta Miklavca, ter smeri Grafično oblikovanje, pod vodstvom prof. Ranka Novaka.</p>
<p>Kolaže je oblikovala Rina Barbarić, takratna študentka Akademije za likovno umetnost in oblikovanje Univerze v Ljubljani. V kolažih je uporabila fotografije Mirana Kambiča.</p>
