{"id":4939,"date":"2023-08-09T07:02:58","date_gmt":"2023-08-09T05:02:58","guid":{"rendered":"https:\/\/test.centerarhitekture.org\/?post_type=product&#038;p=4939"},"modified":"2023-08-09T07:04:53","modified_gmt":"2023-08-09T05:04:53","slug":"slikanica-o-arhitekturi-kje-pa-ti-zivis","status":"publish","type":"product","link":"https:\/\/test.centerarhitekture.org\/en\/shop\/slikanica-o-arhitekturi-kje-pa-ti-zivis\/","title":{"rendered":"Slikanica o arhitekturi Kje pa ti \u017eivi\u0161?"},"content":{"rendered":"<div class=\"wpb-content-wrapper\"><div class=\"fusion-fullwidth fullwidth-box fusion-builder-row-1 fusion-flex-container nonhundred-percent-fullwidth non-hundred-percent-height-scrolling\" style=\"--awb-border-radius-top-left:0px;--awb-border-radius-top-right:0px;--awb-border-radius-bottom-right:0px;--awb-border-radius-bottom-left:0px;--awb-flex-wrap:wrap;\" ><div class=\"fusion-builder-row fusion-row fusion-flex-align-items-flex-start fusion-flex-content-wrap\" style=\"max-width:1144px;margin-left: calc(-4% \/ 2 );margin-right: calc(-4% \/ 2 );\"><div class=\"fusion-layout-column fusion_builder_column fusion-builder-column-0 fusion_builder_column_1_1 1_1 fusion-flex-column\" style=\"--awb-bg-size:cover;--awb-width-large:100%;--awb-margin-top-large:0px;--awb-spacing-right-large:1.92%;--awb-margin-bottom-large:0px;--awb-spacing-left-large:1.92%;--awb-width-medium:100%;--awb-spacing-right-medium:1.92%;--awb-spacing-left-medium:1.92%;--awb-width-small:100%;--awb-spacing-right-small:1.92%;--awb-spacing-left-small:1.92%;\"><div class=\"fusion-column-wrapper fusion-flex-justify-content-flex-start fusion-content-layout-column\"><div class=\"fusion-text fusion-text-1\"><div class=\"vc_row wpb_row vc_row-fluid\"><div class=\"wpb_column vc_column_container vc_col-sm-12\"><div class=\"vc_column-inner\"><div class=\"wpb_wrapper\">\n\t<div class=\"wpb_text_column wpb_content_element\" >\n\t\t<div class=\"wpb_wrapper\">\n\t\t\t<p>V ilustrirani zgodbi <em>Kje pa ti \u017eivi\u0161?<\/em> otroci sre\u010dajo malega Nejca, s katerim spoznavajo svoj dom kot prostor za bivanje in kot arhitekturni objekt. Skupaj se nau\u010dijo nekaj novega o delih hi\u0161e, vrstah hi\u0161 glede na velikost in starost ter se seznanijo z ljudmi, ki hi\u0161e na\u010drtujejo in gradijo.<\/p>\n<p>Knjiga je dobitnica priznanja Zlata hru\u0161ka 2011 v kategoriji izvirna slovenska mladinska pou\u010dna knjiga.<\/p>\n\n\t\t<\/div>\n\t<\/div>\n<\/div><\/div><\/div><\/div>\n<\/div><\/div><\/div><\/div><\/div>\n<\/div>","protected":false},"excerpt":{"rendered":"<p>Avtorici: <strong>\u017diva Deu in Bara Kolenc<\/strong><br \/>\nUrednica: <strong>Petra Fr\u00f6hlich<\/strong><\/p>\n<p>Ljubljana, 2010<\/p>\n<p>&nbsp;<\/p>","protected":false},"featured_media":4937,"template":"","meta":{"iawp_total_views":117},"product_brand":[],"product_cat":[99],"product_tag":[],"class_list":{"0":"post-4939","1":"product","2":"type-product","3":"status-publish","4":"has-post-thumbnail","6":"product_cat-knjigarna","8":"first","9":"instock","10":"taxable","11":"shipping-taxable","12":"purchasable","13":"product-type-simple"},"_links":{"self":[{"href":"https:\/\/test.centerarhitekture.org\/en\/wp-json\/wp\/v2\/product\/4939","targetHints":{"allow":["GET"]}}],"collection":[{"href":"https:\/\/test.centerarhitekture.org\/en\/wp-json\/wp\/v2\/product"}],"about":[{"href":"https:\/\/test.centerarhitekture.org\/en\/wp-json\/wp\/v2\/types\/product"}],"wp:featuredmedia":[{"embeddable":true,"href":"https:\/\/test.centerarhitekture.org\/en\/wp-json\/wp\/v2\/media\/4937"}],"wp:attachment":[{"href":"https:\/\/test.centerarhitekture.org\/en\/wp-json\/wp\/v2\/media?parent=4939"}],"wp:term":[{"taxonomy":"product_brand","embeddable":true,"href":"https:\/\/test.centerarhitekture.org\/en\/wp-json\/wp\/v2\/product_brand?post=4939"},{"taxonomy":"product_cat","embeddable":true,"href":"https:\/\/test.centerarhitekture.org\/en\/wp-json\/wp\/v2\/product_cat?post=4939"},{"taxonomy":"product_tag","embeddable":true,"href":"https:\/\/test.centerarhitekture.org\/en\/wp-json\/wp\/v2\/product_tag?post=4939"}],"curies":[{"name":"wp","href":"https:\/\/api.w.org\/{rel}","templated":true}]}}

Slikanica o arhitekturi Kje pa ti živiš?

<div class="wpb-content-wrapper"><div class="fusion-fullwidth fullwidth-box fusion-builder-row-1 fusion-flex-container nonhundred-percent-fullwidth non-hundred-percent-height-scrolling" style="--awb-border-radius-top-left:0px;--awb-border-radius-top-right:0px;--awb-border-radius-bottom-right:0px;--awb-border-radius-bottom-left:0px;--awb-flex-wrap:wrap;" ><div class="fusion-builder-row fusion-row fusion-flex-align-items-flex-start fusion-flex-content-wrap" style="max-width:1144px;margin-left: calc(-4% / 2 );margin-right: calc(-4% / 2 );"><div class="fusion-layout-column fusion_builder_column fusion-builder-column-0 fusion_builder_column_1_1 1_1 fusion-flex-column" style="--awb-bg-size:cover;--awb-width-large:100%;--awb-margin-top-large:0px;--awb-spacing-right-large:1.92%;--awb-margin-bottom-large:0px;--awb-spacing-left-large:1.92%;--awb-width-medium:100%;--awb-spacing-right-medium:1.92%;--awb-spacing-left-medium:1.92%;--awb-width-small:100%;--awb-spacing-right-small:1.92%;--awb-spacing-left-small:1.92%;"><div class="fusion-column-wrapper fusion-flex-justify-content-flex-start fusion-content-layout-column"><div class="fusion-text fusion-text-1"><div class="vc_row wpb_row vc_row-fluid"><div class="wpb_column vc_column_container vc_col-sm-12"><div class="vc_column-inner"><div class="wpb_wrapper">
	<div class="wpb_text_column wpb_content_element" >
		<div class="wpb_wrapper">
			<p>V ilustrirani zgodbi <em>Kje pa ti živiš?</em> otroci srečajo malega Nejca, s katerim spoznavajo svoj dom kot prostor za bivanje in kot arhitekturni objekt. Skupaj se naučijo nekaj novega o delih hiše, vrstah hiš glede na velikost in starost ter se seznanijo z ljudmi, ki hiše načrtujejo in gradijo.</p>
<p>Knjiga je dobitnica priznanja Zlata hruška 2011 v kategoriji izvirna slovenska mladinska poučna knjiga.</p>

		</div>
	</div>
</div></div></div></div>
</div></div></div></div></div>
</div>

<p>Avtorici: <strong>Živa Deu in Bara Kolenc</strong><br />
Urednica: <strong>Petra Fröhlich</strong></p>
<p>Ljubljana, 2010</p>
<p>&nbsp;</p>
